{"id":27,"date":"2016-11-27T23:16:45","date_gmt":"2016-11-27T22:16:45","guid":{"rendered":"http:\/\/www.strojobal.eu\/?page_id=27"},"modified":"2017-02-24T13:21:30","modified_gmt":"2017-02-24T12:21:30","slug":"chlazeni","status":"publish","type":"page","link":"https:\/\/www.strojobal.eu\/index.php\/cs\/chlazeni\/","title":{"rendered":"Pr\u016fmyslov\u00e9 chlazen\u00ed"},"content":{"rendered":"<h4>Dod\u00e1v\u00e1me<\/h4>\n<ul>\n<li>pr\u016fmyslov\u00e9 chlazen\u00ed s prim\u00e1rn\u00edm chladivem NH3<\/li>\n<li>pr\u016fmyslov\u00e9 a dom\u00e1c\u00ed aplikace tepeln\u00fdch \u010derpadel<\/li>\n<li>vzduchotechnick\u00e1 za\u0159\u00edzen\u00ed v\u00fdrobn\u00edch hal, klimatizac\u00ed<\/li>\n<li>automatiku Danfoss<\/li>\n<li>kau\u010dukov\u00e9 izolace<\/li>\n<li>chlad\u00edrensk\u00e9 a topen\u00e1\u0159sk\u00e9 p\u0159\u00edslu\u0161enstv\u00ed<\/li>\n<\/ul>\n<h4>Zaji\u0161\u0165ujeme<\/h4>\n<ul>\n<li>projekci a n\u00e1vrhy chladic\u00edch za\u0159\u00edzen\u00ed a VZT a pr\u016fmyslov\u00e9 aplikace tepeln\u00fdch \u010derpadel<\/li>\n<li>mont\u00e1\u017e chladic\u00edch a klimatiza\u010dn\u00edch za\u0159\u00edzen\u00ed<\/li>\n<li>tepeln\u00e9 izolace<\/li>\n<li>minimalizaci \u010dpavkov\u00fdch n\u00e1pln\u00ed v souladu s legislativou EU<\/li>\n<li>energetick\u00e9 audity v\u010detn\u011b doporu\u010den\u00ed na \u00faspory elektrick\u00e9 energie<\/li>\n<li>kompletn\u00ed servis chladic\u00edho za\u0159\u00edzen\u00ed, kompresor\u016f, \u010derpadel a tepeln\u00fdch \u010derpadel<\/li>\n<li>kalibraci provozn\u00edch, detek\u010dn\u00edch a havarijn\u00edch \u010didel<\/li>\n<\/ul>\n","protected":false},"excerpt":{"rendered":"<p>Dod\u00e1v\u00e1me pr\u016fmyslov\u00e9 chlazen\u00ed s prim\u00e1rn\u00edm chladivem NH3 pr\u016fmyslov\u00e9 a dom\u00e1c\u00ed aplikace tepeln\u00fdch \u010derpadel vzduchotechnick\u00e1 za\u0159\u00edzen\u00ed v\u00fdrobn\u00edch hal, klimatizac\u00ed automatiku Danfoss kau\u010dukov\u00e9 izolace chlad\u00edrensk\u00e9 a topen\u00e1\u0159sk\u00e9 p\u0159\u00edslu\u0161enstv\u00ed Zaji\u0161\u0165ujeme projekci a n\u00e1vrhy [&hellip;]<\/p>\n","protected":false},"author":1,"featured_media":0,"parent":0,"menu_order":0,"comment_status":"closed","ping_status":"closed","template":"","meta":{"footnotes":""},"class_list":["post-27","page","type-page","status-publish","hentry"],"_links":{"self":[{"href":"https:\/\/www.strojobal.eu\/index.php\/wp-json\/wp\/v2\/pages\/27","targetHints":{"allow":["GET"]}}],"collection":[{"href":"https:\/\/www.strojobal.eu\/index.php\/wp-json\/wp\/v2\/pages"}],"about":[{"href":"https:\/\/www.strojobal.eu\/index.php\/wp-json\/wp\/v2\/types\/page"}],"author":[{"embeddable":true,"href":"https:\/\/www.strojobal.eu\/index.php\/wp-json\/wp\/v2\/users\/1"}],"replies":[{"embeddable":true,"href":"https:\/\/www.strojobal.eu\/index.php\/wp-json\/wp\/v2\/comments?post=27"}],"version-history":[{"count":9,"href":"https:\/\/www.strojobal.eu\/index.php\/wp-json\/wp\/v2\/pages\/27\/revisions"}],"predecessor-version":[{"id":110,"href":"https:\/\/www.strojobal.eu\/index.php\/wp-json\/wp\/v2\/pages\/27\/revisions\/110"}],"wp:attachment":[{"href":"https:\/\/www.strojobal.eu\/index.php\/wp-json\/wp\/v2\/media?parent=27"}],"curies":[{"name":"wp","href":"https:\/\/api.w.org\/{rel}","templated":true}]}}